er when 18 is divided by r?
8
Let t = -39 - -56. Let h(f) = f**2 + 10*f - 6. Let v be h(-11). Suppose 0*z = -v*z + 45. What is the remainder when t is divided by z?
8
Let i(t) be the second derivative of -t**5/20 - 5*t**4/12 + 4*t**3/3 - 7*t**2/2 - 2*t. Let z = 8 + -15. Calculate the remainder when i(z) is divided by 18.
17
Calculate the remainder when 123 is divided by (-16 + 17)/(2/42).
18
Let t(d) = -2*d + 18. Calculate the remainder when t(-16) is divided by 13.
11
Suppose -p + 0*w - 2*w = -62, 0 = 2*p - 3*w - 117. Suppose 2*n - p = -3*n. Calculate the remainder when ((-21)/(-2))/(2/4) is divided by n.
9
Let y be 2 + 6/(-3) + 20. Let q = y + -9. What is the remainder when q is divided by 3?
2
Let o(k) = -k**3 - 5*k**2 + k + 10. Calculate the remainder when 8 is divided by o(-5).
3
Calculate the remainder when (2/6)/((-6)/(-900)) is divided by 13.
11
Let u = -18 - -36. Let m = 9 - 7. Let r = m + 8. Calculate the remainder when u is divided by r.
8
Let f(r) = 5*r + 8. Calculate the remainder when f(9) is divided by 14.
11
Let j(k) = 2*k**2 + 2*k - 7. Let w(a) = 1. Let f(i) = j(i) + 4*w(i). Let z = 4 + 13. Calculate the remainder when z is divided by f(2).
8
Calculate the remainder when (14/(-3))/((-2)/27) is divided by 126/8 + (-2)/(-8).
15
Let m(c) = -c**2 + c - 3. Let r be m(4). Let f be -34*(-2 + r/(-6)). Let y = f + 26. What is the remainder when 15 is divided by y?
6
Suppose -h - 2*h + 18 = 0. Let i = -52 - -84. Suppose 2*x = -2*b + i, -3*x = 2*b + 2*x - 32. What is the remainder when b is divided by h?
4
Let q = -150 + 220. Calculate the remainder when 53 is divided by ((-36)/(-45))/(4/q).
11
Suppose 55 = 3*j - 44. Suppose -13 + j = 2*u. Calculate the remainder when 28 is divided by u.
8
Suppose r + r - 4 = 0. Let j be (3 - r)/(-1)*-6. What is the remainder when 28 is divided by (1 - j)/(1/(-3))?
13
Let w be (-2 + 0)*2/2. Suppose -2 = -3*g + 7, 2*g + 8 = y. What is the remainder when 13 is divided by ((-1)/w)/(1/y)?
6
Suppose -3*t + 33 = -0*p - 5*p, 0 = 2*t - 2*p - 18. What is the remainder when -2 + 2 + -1 + 18 is divided by t?
5
Let i(l) = l**3 - 7*l**2 + l - 9. Let s be i(7). Calculate the remainder when 43/5 + 18/(-30) + -1 is divided by (-10)/(-5) - 6/s.
2
Calculate the remainder when 29 is divided by 20/7*14*(-3)/(-12).
9
Let o = -42 - -52. What is the remainder when 29 is divided by o?
9
Let k = 73 - -7. Calculate the remainder when k is divided by 17.
12
Let l = 6 + -7. Let z = l - -3. Suppose -5*k + 2*m = -13, -13 = -4*k + m - z. Calculate the remainder when k is divided by 3.
0
Let g(f) = 43*f**3 - 2*f**2 - f. Let x be g(-1). Let u = 72 + x. Let w = -8 - -18. What is the remainder when u is divided by w?
8
Suppose -u + 4*u = 69. Calculate the remainder when u is divided by 4.
3
Suppose -3*d - 2*x = x - 48, 4*d + 3*x = 59. What is the remainder when 2/3*645/10 is divided by d?
10
Suppose -397 - 48 = 5*o. Let w = 155 + o. What is the remainder when w is divided by 23?
20
Let p(h) = h**3 - 12*h**2 - 10*h - 14. Calculate the remainder when p(13) is divided by 14.
11
Let p(w) = w**3 + 11*w**2 - 14*w - 18. Suppose v - 21 = 4*v + 3*u, 0 = -2*v - 4*u - 4. Calculate the remainder when p(v) is divided by 3.
0
Let b be 0 - (-5 - 0/1). Suppose 31 = 3*j + h - 12, -b*j + 3*h = -81. What is the remainder when j is divided by 6?
3
Let d be (-3)/12 + 34/8. What is the remainder when ((-23)/(-5))/(d/20) is divided by 12?
11
Let n(h) = 6*h + 2. Calculate the remainder when (-1)/1 - 55/2*-2 is divided by n(2).
12
Let u = -7 + 15. What is the remainder when 31 is divided by u?
7
Let c(j) = j**3 + 10*j**2 + 11*j - 3. What is the remainder when c(-8) is divided by 13?
11
Let k(y) = y**2. Let v be k(1). Suppose -2 - v = -z. Calculate the remainder when z is divided by 2/1 + (3 - 3).
1
Suppose 0 = -3*x + 9 + 48. Suppose 5*c = -0*c + 55. What is the remainder when x is divided by c?
8
Suppose 3*b - 28 = 14. Let l(q) = 2*q**2 - 6*q + 6. What is the remainder when l(5) is divided by b?
12
Let h(r) = -r**2 - 3*r. Let y be h(-6). Let a = -5 - y. Calculate the remainder when 24 is divided by a.
11
Let y(w) = -4*w - 10. What is the remainder when y(-6) is divided by 3?
2
Let l be -64*(-4)/16*2. Let q = l + -5. Calculate the remainder when q is divided by 2/1*-1*-7.
13
Suppose 0 = 3*d + d - 196. What is the remainder when 95 is divided by d?
46
Let p(h) = h - 2. Let n be p(6). Let r = -2 + n. Suppose 0 = 5*d + r*k - 85, -4*k - 145 + 30 = -5*d. Calculate the remainder when d is divided by 7.
5
Let t(y) be the third derivative of -y**5/60 + 47*y**3/6 + 7*y**2. What is the remainder when t(0) is divided by 16?
15
Let g = 4 + -1. Suppose 21 = g*v + l, 2*l + 35 = 6*v - v. What is the remainder when 20 is divided by v?
6
Let j(r) = r**3 - 6*r**2 - 4*r + 4. Let d be j(7). Suppose -d = -5*g + 55. Calculate the remainder when g is divided by 6.
4
Let d(r) = -r**2 - 11*r + 12. Let p be d(-11). Suppose 0*i - p = -3*i. Calculate the remainder when 7 is divided by i.
3
Suppose 8*a - 9*a + 3 = 0. Let y = a + 18. What is the remainder when 26*-6*3/(-12) is divided by y?
18
Let q = -4 + 4. Suppose -o + 51 = -q*o. What is the remainder when o is divided by 26?
25
Suppose 120 = 3*w + 5*c, -81 - 51 = -3*w - c. Suppose q - 2 = -3*f, -3*q + 6 = -0*q - 2*f. Let t(m) = 5*m + 2. What is the remainder when w is divided by t(q)?
9
Let y(v) = 3*v + 1. Let d(u) = -2*u**3 - 3*u**2 - u. Let x be d(-2). What is the remainder when y(x) is divided by 7?
5
Let m(x) = x**2 - 2*x - 7. What is the remainder when m(5) is divided by 3?
2
Let s = 3 - 0. Suppose -2*r + 49 = 2*r - i, -s*r = -i - 36. What is the remainder when -2 + (20*2 - 0) is divided by r?
12
Suppose 11*b = 4*b + 609. Calculate the remainder when b is divided by 13.
9
Let v(b) = b**3 + 6*b**2 - 4*b - 4. Let s be v(-6). Calculate the remainder when (-115)/(-2)*16/s is divided by 16.
14
Let g be (-66)/(-12) - (-3)/2. Let c = g - 3. Calculate the remainder when c is divided by 2.
0
Suppose -s + 13 = 2*r, -4*s + 4*r + 4 - 12 = 0. Let q be 1*(2 - s)*2. Calculate the remainder when 21 is divided by ((-44)/8)/(1/q).
10
What is the remainder when 20 is divided by (-35)/10*(-16)/7?
4
Let b(q) = 3*q**2 - 21*q - 13. Let z(o) = -o**2 + 7*o + 4. Let j(h) = 4*b(h) + 11*z(h). Calculate the remainder when 19 is divided by j(9).
9
Suppose -3*q = -k + 3*k - 52, -2*k = -3*q + 56. What is the remainder when (-39)/2*((-35)/(-15) - 5) is divided by q?
16
Let f(n) = 14*n - 26. Let x(m) = 5*m - 9. Let s(w) = 6*f(w) - 17*x(w). Let j(d) = -d - 14. Let q be j(-6). What is the remainder when s(q) is divided by 3?
2
Let h(j) = -6*j - 24. What is the remainder when 70 is divided by h(-10)?
34
Suppose s + 2*m = -2*s + 41, 38 = 3*s - m. Suppose -z - s = -47. Let w = 53 - z. What is the remainder when w is divided by 10?
9
Let p = 12 - 7. Suppose 38 = -3*j + p*j + 3*w, j + 3*w - 16 = 0. Calculate the remainder when j is divided by 12.
10
Suppose -s + 16 = -2*v, -v - v = -3*s + 36. What is the remainder when 18 is divided by s?
8
Let n be 4/(-22) - (-4)/22. Suppose 4*a + 1 = 3*g + 9, n = 5*g - 5*a + 5. Calculate the remainder when 11 is divided by g.
3
Let o(s) = s - s**3 + 0 + 0 + 4*s**2. Let j be o(-3). Suppose 0 = -4*x - x + j. What is the remainder when 23 is divided by x?
11
Let v = -6 - -16. Calculate the remainder when (4 - (0 - -3)) + 36 is divided by v.
7
Let i = 0 + 2. Suppose 2*y = -m + 8, 2*y = -i*y + 8. Calculate the remainder when 14 is divided by m.
2
Let s = -3 - -8. Suppose 2*p = p + f + 7, -s*f = -15. What is the remainder when 37 is divided by p?
7
Let v(m) = m**3 - 34*m**2 + 2*m - 45. Suppose 145 = 5*s - 70. Calculate the remainder when s is divided by v(34).
20
Let g = -95 - -130. What is the remainder when g is divided by (18/2)/(6/8)?
11
Let q(n) = -15*n - 2. Let c be q(-2). Suppose 2*k - 2 - c = 0. What is the remainder when 57 is divided by k?
12
Let g(l) = 8*l. Let t be g(2). Calculate the remainder when 3 is divided by (2/(-4))/((-8)/t).
0
Let c(x) = x**3 + 8*x**2 + 6*x - 3. Let o be c(-7). Suppose o*v = 10 + 6. What is the remainder when (-31 + 0)/(-5 + v) is divided by 16?
15
Let i = -38 - -78. What is the remainder when 197 is divided by i?
37
Let l(u) = -u - 2. Let j be l(-2). Suppose j = -2*a + 6 + 2. Let t = a + 1. What is the